s 1010101010100000 + -10111?
1010101010001001
In base 6, what is -104533 - 125053?
-234030
In base 8, what is -7153007 + 134?
-7152653
In base 7, what is 2 + -34614162?
-34614160
In base 2, what is -11100011001010101001 + -100?
-11100011001010101101
In base 4, what is 1202013313 + 10?
1202013323
In base 4, what is -1 - 120000331011?
-120000331012
In base 16, what is 5 + 3459d17?
3459d1c
In base 7, what is 43013204 + -55?
43013116
In base 7, what is -204656446 + 0?
-204656446
In base 9, what is -20320720 + 5?
-20320714
In base 11, what is 5a480581 - -2?
5a480583
In base 5, what is 11040314 + -10033?
11030231
In base 8, what is 2 + 125667732?
125667734
In base 4, what is 13033221201 - 1?
13033221200
In base 12, what is 14a6 + -6105?
-481b
In base 9, what is 3 - 15511085?
-15511082
In base 14, what is 15b06 + -a4?
15a42
In base 16, what is 0 - -b956b61?
b956b61
In base 9, what is 24542870 + -20?
24542850
In base 15, what is -e8d4 - -11?
-e8c3
In base 7, what is 4 - 46626310?
-46626303
In base 6, what is 2144 + 1111?
3255
In base 2, what is 10111011 - -10100000001110000001?
10100000010000111100
In base 12, what is -2a53 - 190?
-3023
In base 5, what is -4 - 331221201132?
-331221201141
In base 3, what is -11 - 20010200022221?
-20010200100002
In base 9, what is 132212088 + -2?
132212086
In base 16, what is 1d0e0e - 1?
1d0e0d
In base 15, what is 6582 - -19db?
806d
In base 2, what is -110 + 10110110111111100010100111?
10110110111111100010100001
In base 2, what is 1101 + -10001100110101000000010?
-10001100110100111110101
In base 6, what is 3352 - 453500?
-450104
In base 12, what is -12929b2 - -18?
-1292996
In base 10, what is -9 + -440236?
-440245
In base 6, what is 0 + 23003003023?
23003003023
In base 16, what is 21a93e9 + 9?
21a93f2
In base 3, what is 1210121221012 + -101?
1210121220211
In base 11, what is -7173977 + -1?
-7173978
In base 4, what is -2111313 - 32033?
-2210012
In base 3, what is 221221 - -2111222010?
2112221001
In base 6, what is -2430 - -1044023?
1041153
In base 15, what is -d + 25b7bb2?
25b7ba4
In base 11, what is -45399a8 + 4?
-45399a4
In base 6, what is 3 - 1134152043?
-1134152040
In base 15, what is 7 - -20e0497?
20e049e
In base 4, what is 10230 + 1033130120?
1033201010
In base 4, what is -2 + 120123122102232?
120123122102230
In base 13, what is 30145 + 43a?
30582
In base 14, what is -100b047 + 5?
-100b042
In base 15, what is 4a81 - 17?
4a69
In base 9, what is -43 - -228705?
228652
In base 5, what is 2403234 + 11?
2403300
In base 13, what is -17a45 + -bbb?
-18933
In base 16, what is 6a7cf + 9?
6a7d8
In base 3, what is 1110 + 12222122111202?
12222122120012
In base 2, what is 10001 + 100010001100101110111?
100010001100110001000
In base 3, what is 211 - -11010121221002?
11010121221220
In base 13, what is 2443a4 - -25?
2443c9
In base 6, what is -143024432420 - 3?
-143024432423
In base 13, what is -1 + -1a02cca8?
-1a02cca9
In base 12, what is 12 + aa564b?
aa5661
In base 10, what is -8 + -1377434?
-1377442
In base 16, what is -333e97f8 + 4?
-333e97f4
In base 16, what is -3e8f2 + 3b?
-3e8b7
In base 10, what is 2580457 - 1?
2580456
In base 8, what is -14 + 176415005?
176414771
In base 7, what is 14056 + 1052?
15141
In base 4, what is 20333323221313 + -22?
20333323221231
In base 14, what is -5 - -2d382?
2d37b
In base 4, what is 120 + -120132003122?
-120132003002
In base 4, what is 3220111123010 - -1?
3220111123011
In base 11, what is -405738 + -50?
-405788
In base 8, what is -51133641 + 2?
-51133637
In base 15, what is 4398 + -e2?
42a6
In base 12, what is 395b9b75 + -1?
395b9b74
In base 16, what is 3 - 38ecc3b?
-38ecc38
In base 6, what is 44 + 42343122?
42343210
In base 12, what is 49b07245 + -3?
49b07242
In base 15, what is -ab - -327e3?
32737
In base 2, what is 111001001000010101 - 10011111000?
111000110100011101
In base 8, what is 20041 + -124307?
-104246
In base 2, what is -10010011101101110010100 + -1011?
-10010011101101110011111
In base 10, what is -49 + 1288819?
1288770
In base 4, what is 10212111 - 321?
10211130
In base 14, what is -2 + -15611a?
-15611c
In base 14, what is 50b + -ac9?
-5bc
In base 8, what is -2040664501 + -3?
-2040664504
In base 4, what is 3122 + 12311020?
12320202
In base 14, what is d + 16d87d?
16d88c
In base 4, what is 132022013 + -23133?
131332220
In base 14, what is 20dc79 - 2?
20dc77
In base 7, what is -254 + -53650?
-54234
In base 5, what is 132 + 101423?
102110
In base 15, what is -8340a2 - 1?
-8340a3
In base 12, what is -17 - 75b6663?
-75b667a
In base 16, what is -15dbe3 - 13?
-15dbf6
In base 4, what is 2212033211 + 332?
2212100203
In base 5, what is 0 + 32121031213?
32121031213
In base 8, what is 5 + -73163361?
-73163354
In base 3, what is 1100022122011 + 101120?
1100100000201
In base 3, what is 0 + -1001201101210221?
-1001201101210221
In base 16, what is 30f37b + -a?
30f371
In base 2, what is 100100001111001001000010011 - -11?
100100001111001001000010110
In base 8, what is -10653 + 14213?
3340
In base 13, what is -21b23 + a?
-21b16
In base 16, what is -6 - 558c805?
-558c80b
In base 10, what is -3081561 + 4?
-3081557
In base 12, what is 33 + -2703aa?
-270377
In base 2, what is 111111001110111 - -1111?
111111010000110
In base 14, what is -65 + c173d?
c16b8
In base 4, what is -3300 + 101013031?
101003131
In base 14, what is -6 + 2d6567ad?
2d6567a7
In base 14, what is -1b6b99bb + -4?
-1b6b99c1
In base 14, what is -b93bb + -229?
-b9606
In base 6, what is -5 - 1402221423?
-1402221432
In base 4, what is -30133203033 - -1?
-30133203032
In base 2, what is 11100010010011001111111000 + 101?
11100010010011001111111101
In base 11, what is 929 - -114213?
115041
In base 2, what is -1 + -1100011010110100111111?
-1100011010110101000000
In base 5, what is -301 - -30404212?
30403411
In base 12, what is -783 - 7?
-78a
In base 12, what is 1 + -2599199?
-2599198
In base 15, what is -c - 133357b?
-1333588
In base 13, what is 0 + 5419769?
5419769
In base 15, what is -46a5 + 4c6?
-41ce
In base 6, what is 30440321 - 51?
30440230
In base 2, what is 10101 + -100101110101110011?
-100101110101011110
In base 6, what is -25144300 - 1302?
-25150002
In base 16, what is -2 + 1d53d1c?
1d53d1a
In base 14, what is -83252 - 11?
-83263
In base 7, what is -13445313 - 62?
-13445405
In base 5, what is -1 + 12330242233?
12330242232
In base 16, what is 10083 - 1c?
10067
In base 12, what is 102a - -201a8?
21216
In base 9, what is -123256214 + -3?
-123256217
In base 11, what is -2641 - -552?
-209a
In base 4, what is 3232 - 2202201010?
-2202131112
In base 3, what is -20122 - -102012112?
101221220
In base 2, what is 100 - 10101000000100000011101?
-10101000000100000011001
In base 15, what is -3 + 4614e5?
4614e2
In base 3, what is -20202010 + -1002120?
-21211200
In base 2, what is 11010001000100100111100010001 + -10?
11010001000100100111100001111
In base 2, what is 1000000001000001011111001 + -111?
1000000001000001011110010
In base 13, what is 1a1b4971 - 3?
1a1b496b
In base 7, what is 121 - -544433?
544554
In base 12, what is -9b + 383133?
383054
In base 6, what is -22020 - -10201?
-11415
In base 14, what is -4 - -7d9898a?
7d98986
In base 6, what is 215 - 2115025?
-2114410
In base 14, what is 41a274 + 4?
41a278
In base 4, what is 303133 - 22222300?
-21313101
In base 7, what is -1325 + 2402044?
2400416
In base 6, what is -211350 - 5153?
-220543
In base 12, what is 1219268 + 0?
1219268
In base 6, what is -522154 + -412?
-523010
In base 10, what is 8 - 1620964?
-1620956
In base 16, what is -be7 + -1e7d7?
-1f3be
In base 7, what is -26 - -4452643?
4452614
In base 4, what is 12103 - 2212130133?
-2212112030
In base 13, what is 52576 - -c?
52585
In base 14, what is -4 + 9a82c81?
9a82c7b
In base 5, what is -4 + 14312240?
14312231
In base 3, what is -22020 + 1202020101?
1201221011
In base 7, what is -1450013 + -242?
-1450255
In base 14, what is 15 + 87d1b?
87d32
In base 8, what is 717073 - -1?
717074
In base 8, what is 36 + -2131526?
-2131470
In base 15, what is -19067 + 19a?
-18dbc
In base 12, what is 3802 - a3a2?
-67a0
In base 5, what is 14 + 122003214220?
122003214234
In base 12, what is -4 - 2759235?
-2759239
In base 2, what is 1100110111011110001100100 + 100?
1100110111011110001101000
In base 13, what is 9cb9 - -6cc?
a6b8
In base 10, what is 8501465 + -1?